{"id":396,"date":"2026-04-16T08:32:44","date_gmt":"2026-04-16T08:32:44","guid":{"rendered":"https:\/\/www.isovergne.com\/?page_id=396"},"modified":"2026-04-16T12:29:43","modified_gmt":"2026-04-16T12:29:43","slug":"isolation-exterieure-polystyrene-a-clermont-ferrand-63","status":"publish","type":"page","link":"https:\/\/www.isovergne.com\/?page_id=396","title":{"rendered":"Isolation ext\u00e9rieure polystyr\u00e8ne \u00e0 Clermont-Ferrand (63)"},"content":{"rendered":"\t\t<div data-elementor-type=\"wp-page\" data-elementor-id=\"396\" class=\"elementor elementor-396\">\n\t\t\t\t<div class=\"elementor-element elementor-element-422cfe6 e-con-full e-flex e-con e-parent\" data-id=\"422cfe6\" data-element_type=\"container\" data-e-type=\"container\" data-settings=\"{&quot;background_background&quot;:&quot;classic&quot;}\">\n\t\t\t\t<div class=\"elementor-element elementor-element-ac3eb23 elementor-widget__width-initial elementor-widget elementor-widget-heading\" data-id=\"ac3eb23\" data-element_type=\"widget\" data-e-type=\"widget\" data-widget_type=\"heading.default\">\n\t\t\t\t\t<h1 class=\"elementor-heading-title elementor-size-default\">Isolation ext\u00e9rieure polystyr\u00e8ne \u00e0 Clermont-Ferrand (63)<\/h1>\t\t\t\t<\/div>\n\t\t\t\t<div class=\"elementor-element elementor-element-e3155b6 elementor-widget elementor-widget-text-editor\" data-id=\"e3155b6\" data-element_type=\"widget\" data-e-type=\"widget\" data-widget_type=\"text-editor.default\">\n\t\t\t\t\t\t\t\t\t<p>Une solution performante et \u00e9conomique pour isoler votre maison<\/p>\t\t\t\t\t\t\t\t<\/div>\n\t\t\t\t<div class=\"elementor-element elementor-element-18178c3 elementor-widget elementor-widget-text-editor\" data-id=\"18178c3\" data-element_type=\"widget\" data-e-type=\"widget\" data-widget_type=\"text-editor.default\">\n\t\t\t\t\t\t\t\t\t<p data-start=\"696\" data-end=\"816\"><span dir=\"auto\" style=\"vertical-align: inherit;\"><span dir=\"auto\" style=\"vertical-align: inherit;\">Am\u00e9liorez l\u2019efficacit\u00e9 \u00e9nerg\u00e9tique de votre habitation gr\u00e2ce \u00e0 l\u2019isolation ext\u00e9rieure en polystyr\u00e8ne \u00e0 Clermont-Ferrand.<\/span><\/span><\/p><p data-start=\"818\" data-end=\"992\">Chez <strong data-start=\"823\" data-end=\"836\">Isovergne<\/strong>, nous r\u00e9alisons vos travaux d\u2019isolation thermique par l\u2019ext\u00e9rieur (ITE) dans tout le Puy-de-D\u00f4me (63) avec des solutions fiables, performantes et durables.<\/p><p data-start=\"994\" data-end=\"1127\"><span dir=\"auto\" style=\"vertical-align: inherit;\"><span dir=\"auto\" style=\"vertical-align: inherit;\">\ud83d\udc49 R\u00e9duction importante des factures de chauffage<\/span><\/span><br data-start=\"1043\" data-end=\"1046\" \/><span dir=\"auto\" style=\"vertical-align: inherit;\"><span dir=\"auto\" style=\"vertical-align: inherit;\">\ud83d\udc49 Confort thermique \u00e9t\u00e9 comme hiver<\/span><\/span><br data-start=\"1082\" data-end=\"1085\" \/><span dir=\"auto\" style=\"vertical-align: inherit;\"><span dir=\"auto\" style=\"vertical-align: inherit;\">\ud83d\udc49 Valorisation de votre bien immobilier<\/span><\/span><\/p>\t\t\t\t\t\t\t\t<\/div>\n\t\t\t\t<div class=\"elementor-element elementor-element-d214495 elementor-align-left elementor-widget elementor-widget-button\" data-id=\"d214495\" data-element_type=\"widget\" data-e-type=\"widget\" data-widget_type=\"button.default\">\n\t\t\t\t\t\t\t\t\t\t<a class=\"elementor-button elementor-button-link elementor-size-sm\" href=\"#\">\n\t\t\t\t\t\t<span class=\"elementor-button-content-wrapper\">\n\t\t\t\t\t\t\t\t\t<span class=\"elementor-button-text\">Demander un devis gratuit<\/span>\n\t\t\t\t\t<\/span>\n\t\t\t\t\t<\/a>\n\t\t\t\t\t\t\t\t<\/div>\n\t\t\t\t<\/div>\n\t\t<div class=\"elementor-element elementor-element-0ad6c0e e-con-full e-flex e-con e-parent\" data-id=\"0ad6c0e\" data-element_type=\"container\" data-e-type=\"container\" data-settings=\"{&quot;background_background&quot;:&quot;classic&quot;}\">\n\t\t<div class=\"elementor-element elementor-element-eb28124 e-con-full e-flex e-con e-child\" data-id=\"eb28124\" data-element_type=\"container\" data-e-type=\"container\">\n\t\t<div class=\"elementor-element elementor-element-4f4cddf e-con-full e-flex e-con e-child\" data-id=\"4f4cddf\" data-element_type=\"container\" data-e-type=\"container\">\n\t\t\t\t<div class=\"elementor-element elementor-element-024071c elementor-widget elementor-widget-heading\" data-id=\"024071c\" data-element_type=\"widget\" data-e-type=\"widget\" data-widget_type=\"heading.default\">\n\t\t\t\t\t<h2 class=\"elementor-heading-title elementor-size-default\"> Excellente performance thermique<\/h2>\t\t\t\t<\/div>\n\t\t\t\t<div class=\"elementor-element elementor-element-1987292 elementor-widget__width-initial elementor-widget elementor-widget-text-editor\" data-id=\"1987292\" data-element_type=\"widget\" data-e-type=\"widget\" data-widget_type=\"text-editor.default\">\n\t\t\t\t\t\t\t\t\t<p>\u03bb : 0,030 \u00e0 0,038 W\/m.K<\/p>\t\t\t\t\t\t\t\t<\/div>\n\t\t\t\t<\/div>\n\t\t\t\t<\/div>\n\t\t<div class=\"elementor-element elementor-element-7a809ab e-con-full e-flex e-con e-child\" data-id=\"7a809ab\" data-element_type=\"container\" data-e-type=\"container\">\n\t\t<div class=\"elementor-element elementor-element-52252fd e-con-full e-flex e-con e-child\" data-id=\"52252fd\" data-element_type=\"container\" data-e-type=\"container\">\n\t\t\t\t<div class=\"elementor-element elementor-element-c93579d elementor-widget elementor-widget-heading\" data-id=\"c93579d\" data-element_type=\"widget\" data-e-type=\"widget\" data-widget_type=\"heading.default\">\n\t\t\t\t\t<h2 class=\"elementor-heading-title elementor-size-default\">L\u00e9ger et facile \u00e0 poser<\/h2>\t\t\t\t<\/div>\n\t\t\t\t<\/div>\n\t\t\t\t<div class=\"elementor-element elementor-element-e2f39cc elementor-widget__width-initial elementor-widget elementor-widget-text-editor\" data-id=\"e2f39cc\" data-element_type=\"widget\" data-e-type=\"widget\" data-widget_type=\"text-editor.default\">\n\t\t\t\t\t\t\t\t\t<p>Adapt\u00e9 \u00e0 tous types de fa\u00e7ades<\/p>\t\t\t\t\t\t\t\t<\/div>\n\t\t\t\t<\/div>\n\t\t<div class=\"elementor-element elementor-element-3498fe4 e-con-full e-flex e-con e-child\" data-id=\"3498fe4\" data-element_type=\"container\" data-e-type=\"container\">\n\t\t<div class=\"elementor-element elementor-element-d31df8f e-con-full e-flex e-con e-child\" data-id=\"d31df8f\" data-element_type=\"container\" data-e-type=\"container\">\n\t\t\t\t<div class=\"elementor-element elementor-element-0401f24 elementor-widget__width-initial elementor-widget elementor-widget-heading\" data-id=\"0401f24\" data-element_type=\"widget\" data-e-type=\"widget\" data-widget_type=\"heading.default\">\n\t\t\t\t\t<h2 class=\"elementor-heading-title elementor-size-default\"> R\u00e9sistant \u00e0 l\u2019humidit\u00e9<\/h2>\t\t\t\t<\/div>\n\t\t\t\t<div class=\"elementor-element elementor-element-6ba9059 elementor-widget__width-initial elementor-widget elementor-widget-text-editor\" data-id=\"6ba9059\" data-element_type=\"widget\" data-e-type=\"widget\" data-widget_type=\"text-editor.default\">\n\t\t\t\t\t\t\t\t\t<p>Ne craint pas l\u2019eau<\/p>\t\t\t\t\t\t\t\t<\/div>\n\t\t\t\t<\/div>\n\t\t\t\t<\/div>\n\t\t<div class=\"elementor-element elementor-element-1e3062f e-con-full e-flex e-con e-child\" data-id=\"1e3062f\" data-element_type=\"container\" data-e-type=\"container\">\n\t\t<div class=\"elementor-element elementor-element-eaeda69 e-con-full e-flex e-con e-child\" data-id=\"eaeda69\" data-element_type=\"container\" data-e-type=\"container\">\n\t\t\t\t<div class=\"elementor-element elementor-element-08e5f39 elementor-widget elementor-widget-heading\" data-id=\"08e5f39\" data-element_type=\"widget\" data-e-type=\"widget\" data-widget_type=\"heading.default\">\n\t\t\t\t\t<h2 class=\"elementor-heading-title elementor-size-default\">Solution \u00e9conomique<\/h2>\t\t\t\t<\/div>\n\t\t\t\t<div class=\"elementor-element elementor-element-732111a elementor-widget elementor-widget-text-editor\" data-id=\"732111a\" data-element_type=\"widget\" data-e-type=\"widget\" data-widget_type=\"text-editor.default\">\n\t\t\t\t\t\t\t\t\t<p>Id\u00e9al pour optimiser votre budget travaux<\/p>\t\t\t\t\t\t\t\t<\/div>\n\t\t\t\t<\/div>\n\t\t\t\t<\/div>\n\t\t<div class=\"elementor-element elementor-element-a3d2c88 e-con-full e-flex e-con e-child\" data-id=\"a3d2c88\" data-element_type=\"container\" data-e-type=\"container\">\n\t\t<div class=\"elementor-element elementor-element-98bcb7a e-con-full e-flex e-con e-child\" data-id=\"98bcb7a\" data-element_type=\"container\" data-e-type=\"container\">\n\t\t\t\t<div class=\"elementor-element elementor-element-344dcd8 elementor-widget elementor-widget-heading\" data-id=\"344dcd8\" data-element_type=\"widget\" data-e-type=\"widget\" data-widget_type=\"heading.default\">\n\t\t\t\t\t<h2 class=\"elementor-heading-title elementor-size-default\"> DURABLE ET R\u00c9SISTANT<\/h2>\t\t\t\t<\/div>\n\t\t\t\t<div class=\"elementor-element elementor-element-ac5233d elementor-widget elementor-widget-text-editor\" data-id=\"ac5233d\" data-element_type=\"widget\" data-e-type=\"widget\" data-widget_type=\"text-editor.default\">\n\t\t\t\t\t\t\t\t\t<p>Longue dur\u00e9e de vie<\/p>\t\t\t\t\t\t\t\t<\/div>\n\t\t\t\t<\/div>\n\t\t\t\t<\/div>\n\t\t\t\t<\/div>\n\t\t<div class=\"elementor-element elementor-element-672b191 e-con-full e-flex e-con e-parent\" data-id=\"672b191\" data-element_type=\"container\" data-e-type=\"container\">\n\t\t<div class=\"elementor-element elementor-element-1c2d3e4 e-con-full e-flex e-con e-child\" data-id=\"1c2d3e4\" data-element_type=\"container\" data-e-type=\"container\" data-settings=\"{&quot;background_background&quot;:&quot;classic&quot;}\">\n\t\t\t\t<div class=\"elementor-element elementor-element-0503b05 elementor-widget__width-initial elementor-widget elementor-widget-text-editor\" data-id=\"0503b05\" data-element_type=\"widget\" data-e-type=\"widget\" data-widget_type=\"text-editor.default\">\n\t\t\t\t\t\t\t\t\t<p>Qu\u2019est-ce que le polystyr\u00e8ne ?<\/p>\t\t\t\t\t\t\t\t<\/div>\n\t\t\t\t<div class=\"elementor-element elementor-element-3cd19f2 elementor-widget elementor-widget-heading\" data-id=\"3cd19f2\" data-element_type=\"widget\" data-e-type=\"widget\" data-widget_type=\"heading.default\">\n\t\t\t\t\t<h2 class=\"elementor-heading-title elementor-size-default\">Le polystyr\u00e8ne est un mat\u00e9riau isolant synth\u00e9tique tr\u00e8s utilis\u00e9 dans le b\u00e2timent, notamment pour l\u2019isolation thermique par l\u2019ext\u00e9rieur (ITE).\n\nIl est fabriqu\u00e9 \u00e0 partir de billes de plastique expans\u00e9es (polystyr\u00e8ne expans\u00e9 \u2013 PSE), ce qui lui donne une structure l\u00e9g\u00e8re et r\u00e9sistante, compos\u00e9e d\u2019air \u00e0 plus de 95 %.\n\ud83d\udc49 C\u2019est cet air qui lui permet d\u2019isoler efficacement contre le froid et la chaleur.<\/h2>\t\t\t\t<\/div>\n\t\t\t\t<div class=\"elementor-element elementor-element-7afe246 elementor-widget elementor-widget-text-editor\" data-id=\"7afe246\" data-element_type=\"widget\" data-e-type=\"widget\" data-widget_type=\"text-editor.default\">\n\t\t\t\t\t\t\t\t\t<p data-start=\"401\" data-end=\"465\">\u2714 <strong data-start=\"560\" data-end=\"594\">Excellente isolation thermique<\/strong><br data-start=\"594\" data-end=\"597\" \/>Conductivit\u00e9 : \u03bb \u2248 0,030 \u00e0 0,038 W\/m.K<\/p><p data-start=\"467\" data-end=\"535\">\u2714 <strong data-start=\"641\" data-end=\"659\">Mat\u00e9riau l\u00e9ger<\/strong><br data-start=\"659\" data-end=\"662\" \/>Facile \u00e0 manipuler et \u00e0 poser sur les fa\u00e7ades<\/p><p data-start=\"537\" data-end=\"614\">\u2714 <strong data-start=\"713\" data-end=\"739\">R\u00e9sistant \u00e0 l\u2019humidit\u00e9<\/strong><br data-start=\"739\" data-end=\"742\" \/>Ne craint pas l\u2019eau<\/p><p data-start=\"616\" data-end=\"689\">\u2714 <strong data-start=\"767\" data-end=\"781\">\u00c9conomique<\/strong><br data-start=\"781\" data-end=\"784\" \/>Tr\u00e8s bon rapport performance \/ prix<\/p><p data-start=\"691\" data-end=\"796\">\u2714 <strong data-start=\"825\" data-end=\"836\">Durable<\/strong><br data-start=\"836\" data-end=\"839\" \/>Conserve ses performances dans le temps<\/p>\t\t\t\t\t\t\t\t<\/div>\n\t\t\t\t<\/div>\n\t\t<div class=\"elementor-element elementor-element-7f18257 e-con-full e-flex e-con e-child\" data-id=\"7f18257\" data-element_type=\"container\" data-e-type=\"container\" data-settings=\"{&quot;background_background&quot;:&quot;classic&quot;}\">\n\t\t\t\t<\/div>\n\t\t\t\t<\/div>\n\t\t<div class=\"elementor-element elementor-element-fca2578 e-flex e-con-boxed e-con e-parent\" data-id=\"fca2578\" data-element_type=\"container\" data-e-type=\"container\">\n\t\t\t\t\t<div class=\"e-con-inner\">\n\t\t\t\t<div class=\"elementor-element elementor-element-952066b elementor-widget elementor-widget-heading\" data-id=\"952066b\" data-element_type=\"widget\" data-e-type=\"widget\" data-widget_type=\"heading.default\">\n\t\t\t\t\t<h2 class=\"elementor-heading-title elementor-size-default\">Pourquoi choisir une isolation ext\u00e9rieure en polystyr\u00e8ne ?<\/h2>\t\t\t\t<\/div>\n\t\t\t\t\t<\/div>\n\t\t\t\t<\/div>\n\t\t<div class=\"elementor-element elementor-element-cf2dc8e e-flex e-con-boxed e-con e-parent\" data-id=\"cf2dc8e\" data-element_type=\"container\" data-e-type=\"container\">\n\t\t\t\t\t<div class=\"e-con-inner\">\n\t\t<div class=\"elementor-element elementor-element-38753bb e-con-full e-flex e-con e-child\" data-id=\"38753bb\" data-element_type=\"container\" data-e-type=\"container\">\n\t\t\t\t<div class=\"elementor-element elementor-element-7a6a008 elementor-widget elementor-widget-text-editor\" data-id=\"7a6a008\" data-element_type=\"widget\" data-e-type=\"widget\" data-widget_type=\"text-editor.default\">\n\t\t\t\t\t\t\t\t\t<h3 data-section-id=\"9li7j9\" data-start=\"934\" data-end=\"965\">Solution \u00e9conomique<\/h3><p data-start=\"966\" data-end=\"1080\">Le polystyr\u00e8ne est l\u2019un des isolants les plus comp\u00e9titifs du march\u00e9, id\u00e9al pour un excellent rapport qualit\u00e9\/prix.<\/p><h3 data-section-id=\"1mkmwdd\" data-start=\"1082\" data-end=\"1127\">\u00a0Tr\u00e8s bonne performance thermique<\/h3><p data-start=\"1128\" data-end=\"1214\">Il offre une isolation efficace contre le froid et limite les d\u00e9perditions de chaleur.<\/p>\t\t\t\t\t\t\t\t<\/div>\n\t\t\t\t<\/div>\n\t\t<div class=\"elementor-element elementor-element-dc88a0d e-con-full e-flex e-con e-child\" data-id=\"dc88a0d\" data-element_type=\"container\" data-e-type=\"container\">\n\t\t\t\t<div class=\"elementor-element elementor-element-cfb4404 elementor-widget elementor-widget-text-editor\" data-id=\"cfb4404\" data-element_type=\"widget\" data-e-type=\"widget\" data-widget_type=\"text-editor.default\">\n\t\t\t\t\t\t\t\t\t<h3 data-section-id=\"7llcll\" data-start=\"1216\" data-end=\"1254\">Adapt\u00e9 \u00e0 tous les projets<\/h3><p data-start=\"1255\" data-end=\"1336\">Parfait en r\u00e9novation comme en construction neuve, avec une mise en \u0153uvre rapide.<\/p><h3 data-section-id=\"1gduu5w\" data-start=\"1338\" data-end=\"1367\">\u00a0Mat\u00e9riau durable<\/h3><p data-start=\"1368\" data-end=\"1451\">R\u00e9sistant dans le temps, il conserve ses performances pendant de nombreuses ann\u00e9es.<\/p>\t\t\t\t\t\t\t\t<\/div>\n\t\t\t\t<\/div>\n\t\t\t\t\t<\/div>\n\t\t\t\t<\/div>\n\t\t<div class=\"elementor-element elementor-element-b1388f2 e-flex e-con-boxed e-con e-parent\" data-id=\"b1388f2\" data-element_type=\"container\" data-e-type=\"container\">\n\t\t\t\t\t<div class=\"e-con-inner\">\n\t\t\t\t<div class=\"elementor-element elementor-element-6dae0d9 elementor-widget elementor-widget-heading\" data-id=\"6dae0d9\" data-element_type=\"widget\" data-e-type=\"widget\" data-widget_type=\"heading.default\">\n\t\t\t\t\t<h2 class=\"elementor-heading-title elementor-size-default\">Votre sp\u00e9cialiste de l\u2019isolation ext\u00e9rieure \u00e0 Clermont-Ferrand et dans le Puy-de-D\u00f4me<\/h2>\t\t\t\t<\/div>\n\t\t\t\t<div class=\"elementor-element elementor-element-3c38818 elementor-widget elementor-widget-text-editor\" data-id=\"3c38818\" data-element_type=\"widget\" data-e-type=\"widget\" data-widget_type=\"text-editor.default\">\n\t\t\t\t\t\t\t\t\t<p data-start=\"2134\" data-end=\"2282\">L\u2019entreprise <strong data-start=\"2147\" data-end=\"2160\">Isovergne<\/strong> intervient \u00e0 Clermont-Ferrand, Cournon-d\u2019Auvergne, Riom, Issoire, Thiers et dans tout le d\u00e9partement du Puy-de-D\u00f4me (63).<\/p><p data-start=\"2284\" data-end=\"2305\">Nous vous proposons :<\/p><p><strong>\u00c9tude personnalis\u00e9e gratuite<\/strong><\/p><p><strong>Conseils adapt\u00e9s \u00e0 votre maison<\/strong><\/p><p><strong>Pose r\u00e9alis\u00e9e par des professionnels qualifi\u00e9s<\/strong><\/p><p data-start=\"2427\" data-end=\"2528\">\ud83d\udc49 Faites appel \u00e0 un artisan local pour votre isolation ext\u00e9rieure en polystyr\u00e8ne \u00e0 Clermont-Ferrand.<\/p>\t\t\t\t\t\t\t\t<\/div>\n\t\t\t\t\t<\/div>\n\t\t\t\t<\/div>\n\t\t<div class=\"elementor-element elementor-element-ba14300 e-flex e-con-boxed e-con e-parent\" data-id=\"ba14300\" data-element_type=\"container\" data-e-type=\"container\">\n\t\t\t\t\t<div class=\"e-con-inner\">\n\t\t\t\t<div class=\"elementor-element elementor-element-4e18306 elementor-widget elementor-widget-heading\" data-id=\"4e18306\" data-element_type=\"widget\" data-e-type=\"widget\" data-widget_type=\"heading.default\">\n\t\t\t\t\t<h2 class=\"elementor-heading-title elementor-size-default\">Demandez votre devis gratuit pour votre isolation ext\u00e9rieure<\/h2>\t\t\t\t<\/div>\n\t\t\t\t<div class=\"elementor-element elementor-element-3803b17 elementor-widget elementor-widget-text-editor\" data-id=\"3803b17\" data-element_type=\"widget\" data-e-type=\"widget\" data-widget_type=\"text-editor.default\">\n\t\t\t\t\t\t\t\t\t<p data-start=\"2936\" data-end=\"3017\"><span dir=\"auto\" style=\"vertical-align: inherit;\"><span dir=\"auto\" style=\"vertical-align: inherit;\"><span dir=\"auto\" style=\"vertical-align: inherit;\"><span dir=\"auto\" style=\"vertical-align: inherit;\"><span dir=\"auto\" style=\"vertical-align: inherit;\"><span dir=\"auto\" style=\"vertical-align: inherit;\"><span dir=\"auto\" style=\"vertical-align: inherit;\"><span dir=\"auto\" style=\"vertical-align: inherit;\">Vous avez un projet d\u2019isolation ext\u00e9rieure en laine de bois dans le Puy-de-D\u00f4me ?<\/span><\/span><\/span><\/span><\/span><\/span><\/span><\/span><\/p><p data-start=\"3019\" data-end=\"3104\"><span dir=\"auto\" style=\"vertical-align: inherit;\"><span dir=\"auto\" style=\"vertical-align: inherit;\"><span dir=\"auto\" style=\"vertical-align: inherit;\"><span dir=\"auto\" style=\"vertical-align: inherit;\"><span dir=\"auto\" style=\"vertical-align: inherit;\"><span dir=\"auto\" style=\"vertical-align: inherit;\"><span dir=\"auto\" style=\"vertical-align: inherit;\"><span dir=\"auto\" style=\"vertical-align: inherit;\">\ud83d\udc49 Contactez <\/span><\/span><\/span><\/span><\/span><\/span><\/span><\/span><strong data-start=\"3032\" data-end=\"3045\"><span dir=\"auto\" style=\"vertical-align: inherit;\"><span dir=\"auto\" style=\"vertical-align: inherit;\"><span dir=\"auto\" style=\"vertical-align: inherit;\"><span dir=\"auto\" style=\"vertical-align: inherit;\"><span dir=\"auto\" style=\"vertical-align: inherit;\"><span dir=\"auto\" style=\"vertical-align: inherit;\"><span dir=\"auto\" style=\"vertical-align: inherit;\"><span dir=\"auto\" style=\"vertical-align: inherit;\">Isovergne<\/span><\/span><\/span><\/span><\/span><\/span><\/span><\/span><\/strong><span dir=\"auto\" style=\"vertical-align: inherit;\"><span dir=\"auto\" style=\"vertical-align: inherit;\"><span dir=\"auto\" style=\"vertical-align: inherit;\"><span dir=\"auto\" style=\"vertical-align: inherit;\"><span dir=\"auto\" style=\"vertical-align: inherit;\"><span dir=\"auto\" style=\"vertical-align: inherit;\"><span dir=\"auto\" style=\"vertical-align: inherit;\"><span dir=\"auto\" style=\"vertical-align: inherit;\"> d\u00e8s maintenant pour une \u00e9tude gratuite et sans engagement.<\/span><\/span><\/span><\/span><\/span><\/span><\/span><\/span><\/p><p data-start=\"3019\" data-end=\"3104\"><span dir=\"auto\" style=\"vertical-align: inherit;\"><span dir=\"auto\" style=\"vertical-align: inherit;\"><span dir=\"auto\" style=\"vertical-align: inherit;\"><span dir=\"auto\" style=\"vertical-align: inherit;\">\u2714 R\u00e9ponse rapide<\/span><\/span><\/span><\/span><br data-start=\"3122\" data-end=\"3125\" \/><span dir=\"auto\" style=\"vertical-align: inherit;\"><span dir=\"auto\" style=\"vertical-align: inherit;\"><span dir=\"auto\" style=\"vertical-align: inherit;\"><span dir=\"auto\" style=\"vertical-align: inherit;\">\u00a0 \u00a0 \u00a0 \u00a0 \u00a0 \u00a0 \u00a0 \u2714 Conseils personnalis\u00e9s<\/span><\/span><\/span><\/span><br data-start=\"3149\" data-end=\"3152\" \/><span dir=\"auto\" style=\"vertical-align: inherit;\"><span dir=\"auto\" style=\"vertical-align: inherit;\"><span dir=\"auto\" style=\"vertical-align: inherit;\"><span dir=\"auto\" style=\"vertical-align: inherit;\">\u00a0 \u00a0 \u00a0 \u2714 Intervention locale<\/span><\/span><\/span><\/span><\/p><p data-start=\"3019\" data-end=\"3104\">votre artisan sp\u00e9cialis\u00e9 en isolation ext\u00e9rieure <strong data-start=\"1536\" data-end=\"1558\">\u00e0 Clermont-Ferrand<\/strong><\/p>\t\t\t\t\t\t\t\t<\/div>\n\t\t<div class=\"elementor-element elementor-element-51cb991 e-con-full e-flex e-con e-child\" data-id=\"51cb991\" data-element_type=\"container\" data-e-type=\"container\">\n\t\t\t\t<div class=\"elementor-element elementor-element-b2ab777 elementor-widget elementor-widget-heading\" data-id=\"b2ab777\" data-element_type=\"widget\" data-e-type=\"widget\" data-widget_type=\"heading.default\">\n\t\t\t\t\t<h2 class=\"elementor-heading-title elementor-size-default\">Polystyr\u00e8ne ou laine de bois : que choisir ?<\/h2>\t\t\t\t<\/div>\n\t\t\t\t<div class=\"elementor-element elementor-element-2e97e42 elementor-widget elementor-widget-text-editor\" data-id=\"2e97e42\" data-element_type=\"widget\" data-e-type=\"widget\" data-widget_type=\"text-editor.default\">\n\t\t\t\t\t\t\t\t\t<p data-start=\"2594\" data-end=\"2627\"><span dir=\"auto\" style=\"vertical-align: inherit;\"><span dir=\"auto\" style=\"vertical-align: inherit;\">Le choix d\u00e9pend de votre projet :<\/span><\/span><\/p><p><strong data-start=\"2631\" data-end=\"2646\"><span dir=\"auto\" style=\"vertical-align: inherit;\"><span dir=\"auto\" style=\"vertical-align: inherit;\">Polystyr\u00e8ne<\/span><\/span><\/strong><span dir=\"auto\" style=\"vertical-align: inherit;\"><span dir=\"auto\" style=\"vertical-align: inherit;\"> : solution \u00e9conomique et performante<\/span><\/span><\/p><p><strong data-start=\"2688\" data-end=\"2705\"><span dir=\"auto\" style=\"vertical-align: inherit;\"><span dir=\"auto\" style=\"vertical-align: inherit;\">Laine de bois<\/span><\/span><\/strong><span dir=\"auto\" style=\"vertical-align: inherit;\"><span dir=\"auto\" style=\"vertical-align: inherit;\"> : solution \u00e9cologique avec meilleur confort d\u2019\u00e9t\u00e9<\/span><\/span><\/p><p data-start=\"2759\" data-end=\"2821\"><span dir=\"auto\" style=\"vertical-align: inherit;\"><span dir=\"auto\" style=\"vertical-align: inherit;\">\ud83d\udc49 Isovergne vous conseille selon vos besoins et votre budget.<\/span><\/span><\/p>\t\t\t\t\t\t\t\t<\/div>\n\t\t\t\t<\/div>\n\t\t\t\t\t<\/div>\n\t\t\t\t<\/div>\n\t\t\t\t<\/div>\n\t\t","protected":false},"excerpt":{"rendered":"<p>Isolation ext\u00e9rieure polystyr\u00e8ne \u00e0 Clermont-Ferrand (63) Une solution performante et \u00e9conomique pour isoler votre maison Am\u00e9liorez l\u2019efficacit\u00e9 \u00e9nerg\u00e9tique de votre habitation gr\u00e2ce \u00e0 l\u2019isolation ext\u00e9rieure en polystyr\u00e8ne \u00e0 Clermont-Ferrand. Chez Isovergne, nous r\u00e9alisons vos travaux d\u2019isolation thermique par l\u2019ext\u00e9rieur (ITE) dans tout le Puy-de-D\u00f4me (63) avec des solutions fiables, performantes et durables. \ud83d\udc49 R\u00e9duction importante&#8230;<\/p>\n","protected":false},"author":1,"featured_media":0,"parent":0,"menu_order":0,"comment_status":"closed","ping_status":"closed","template":"","meta":{"_kad_post_transparent":"","_kad_post_title":"hide","_kad_post_layout":"fullwidth","_kad_post_sidebar_id":"","_kad_post_content_style":"unboxed","_kad_post_vertical_padding":"hide","_kad_post_feature":"hide","_kad_post_feature_position":"","_kad_post_header":false,"_kad_post_footer":false,"_kad_post_classname":"","footnotes":""},"class_list":["post-396","page","type-page","status-publish","hentry"],"_links":{"self":[{"href":"https:\/\/www.isovergne.com\/index.php?rest_route=\/wp\/v2\/pages\/396","targetHints":{"allow":["GET"]}}],"collection":[{"href":"https:\/\/www.isovergne.com\/index.php?rest_route=\/wp\/v2\/pages"}],"about":[{"href":"https:\/\/www.isovergne.com\/index.php?rest_route=\/wp\/v2\/types\/page"}],"author":[{"embeddable":true,"href":"https:\/\/www.isovergne.com\/index.php?rest_route=\/wp\/v2\/users\/1"}],"replies":[{"embeddable":true,"href":"https:\/\/www.isovergne.com\/index.php?rest_route=%2Fwp%2Fv2%2Fcomments&post=396"}],"version-history":[{"count":10,"href":"https:\/\/www.isovergne.com\/index.php?rest_route=\/wp\/v2\/pages\/396\/revisions"}],"predecessor-version":[{"id":409,"href":"https:\/\/www.isovergne.com\/index.php?rest_route=\/wp\/v2\/pages\/396\/revisions\/409"}],"wp:attachment":[{"href":"https:\/\/www.isovergne.com\/index.php?rest_route=%2Fwp%2Fv2%2Fmedia&parent=396"}],"curies":[{"name":"wp","href":"https:\/\/api.w.org\/{rel}","templated":true}]}}